m = -m. Determine j(m).
3
Let p(y) = -2*y**2 + 1. Let j(g) = -g**2 + 2*g + 1. Let w be j(3). Determine p(w).
-7
Let f(p) = 7 + p + 5*p - 7. Determine f(1).
6
Let f(t) = -7*t - 2. Let d be 16/(-3) - (-2)/(-3). Let r(a) = a - 1. Let q(c) = d*r(c) - f(c). Give q(-6).
2
Let q = 2 - 0. Let u(l) = l**2 - l - 1. Let j(k) = -5*k**2 + 5*k + 5. Let c(d) = 2*j(d) + 11*u(d). What is c(q)?
1
Let y(x) = -x**3 + 6*x**2 - 2*x + 8. Let t be y(6). Let k(p) = p**3 + 5*p**2 + 4*p - 1. Let u be k(t). Let n(f) = 2*f. Determine n(u).
-2
Let u(q) = -5 - 5*q + 4 + 3 + 2*q**2. Let k = -15 - -18. Calculate u(k).
5
Let r(p) = p + 1. Let s = -25 + 19. Determine r(s).
-5
Let d(j) = -j**3 - 4*j**2 - 3*j - 3. Let m(v) be the first derivative of v**4/4 - 3*v**2/2 - v - 3. Let t be m(-2). Calculate d(t).
-3
Let q(w) = w**3 - 7*w**2 + 3. Suppose -4*j = -9*j + 35. Determine q(j).
3
Let x(o) = o**3 - 5*o**2 + 5. Let c(u) be the third derivative of u**4/12 - u**3/6 + u**2. Let a be c(3). Give x(a).
5
Let s be (10/4 - 2)*2. Let i(q) = 1 + 3*q - 6 + s. Give i(3).
5
Let n(a) be the first derivative of a**4/3 + a**3/6 + 5*a - 6. Let z(g) be the first derivative of n(g). Let l be (2/1)/((-8)/(-4)). Give z(l).
5
Let o(k) = 3*k**2 + k. Let v be o(-1). Let u(w) = 6*w + w**v + 3 - 4*w - 10. Suppose m + 3*m = -20. Calculate u(m).
8
Let u(s) = s - 2. Let p = -30 - -26. What is u(p)?
-6
Let i = 18 + -12. Let k(l) = 0*l + 2*l - 3*l - i. Let o(v) = -v**2 - 3*v + 5. Let g be o(-5). What is k(g)?
-1
Suppose 2*t - 30 = -4*j, 2*t + 6 = 3*j - 2*t. Suppose -4*r + 2*d = j, 8*r - 4*r - 5*d = -15. Let w(g) = -g**3 + g**2 - g - 7. Give w(r).
-7
Let j be 30/4*8/12. Suppose j*s + 1 - 11 = 0. Suppose 3*i - 17 = -4*n, i + 15 = -4*i + s*n. Let d(g) = 6*g**3 - g**2 - 2*g - 1. What is d(i)?
-6
Let p(i) = -6*i + 127 + 3*i - 128 + 0*i. Give p(1).
-4
Let z(k) be the first derivative of -k**4/4 + 4*k**3/3 + k**2/2 - 2*k + 6. Let l = -1 - -4. What is z(l)?
10
Let l(t) = t + 12. Let w(p) = -15*p**3 + p**2 - 1. Let b be w(-1). Suppose 0*a + 3*a + b = 0. Calculate l(a).
7
Suppose -10 = -3*k - 7. Let l(x) be the first derivative of -1/3*x**3 + 3*x - 2*x**2 - k. What is l(-4)?
3
Suppose -3*d - 4*v + 8 = -0, 5*d = v + 21. Let c(s) be the third derivative of 0 - 1/30*s**6 - 1/6*s**3 + 1/12*s**d - 1/60*s**5 + 0*s - 2*s**2. Determine c(1).
-4
Suppose 17 - 67 = 10*t. Let o(i) be the second derivative of i**3/6 + i**2/2 - 2*i. Calculate o(t).
-4
Let b(x) = -2*x**2 + 3*x + 4. Let q be (0/3)/2*-1. Suppose q = -5*f - 3*a, -2 - 2 = -3*f - a. Calculate b(f).
-5
Let g(v) = 2*v**2 + v + 7. Let m(p) = -9*p**2 + p - 30. Let f(s) = -3*s**2 - 10. Let t(y) = 7*f(y) - 2*m(y). Let c(j) = 7*g(j) + 5*t(j). What is c(-3)?
-1
Suppose 4*z = 3*q - 2, -2*q + 7 = -2*z + 5*z. Let r(o) = -4 + 2*o**q - o**2 + 5. Suppose -2*j + 2 = -0. What is r(j)?
2
Let n(r) = -r + 1. Let g(b) = -2*b + 1. Let i be g(-4). Let v = i - 7. Suppose 2*w = -10, 0*w = 3*c + v*w - 5. What is n(c)?
-4
Let l be 4 - 2 - 4 - -3. Let y(m) = 5*m**2 - m. Determine y(l).
4
Let a(x) = x. Let i be a(4). Let u(k) = 3*k**3 + k**2 + 1. Let g(j) = 2*j**3 + 2*j**2 + 1. Let z(y) = i*u(y) - 3*g(y). Give z(1).
5
Let r be (-42)/189 - ((-22)/18 + -1). Let h(p) = -3*p**2 + p + 2. Give h(r).
-8
Suppose -c + z + 13 = 4*z, 3*c - 3 = 3*z. Let d(u) = 0*u + c*u + 0*u - 3*u. Give d(1).
1
Suppose 4*r + 3*s = -5, -2*r - 2*s + 0 - 2 = 0. Let q be (1 - -4)/((-2)/r). Let t(z) = -z**3 + 5*z**2 - z - 1. Determine t(q).
-6
Let m = 2 + 3. Let g(l) = -4 - 1 + 3 + m*l. Let c = 3 - 1. Give g(c).
8
Suppose -2 = 4*z - 5*v + 2, -5*z + 3*v = 18. Let o(m) be the first derivative of -m**3/3 - 2*m**2 + m - 228. Calculate o(z).
-11
Let h be -5*(0 + 2 + -1). Let g(c) = -c**3 - 5*c**2 + 3*c + 6. What is g(h)?
-9
Let v be (-6)/(-21) - 10/35. Suppose v = -c - 6 + 3. Let w(y) = y + 3. Calculate w(c).
0
Suppose 2*x = -r, 3*x - 4*r - 26 = -2*x. Let p(k) = -k + x - 5 - 3*k**2 + 0*k**2 - 2*k - k**3. Calculate p(-2).
-1
Suppose -1 = 4*s + 11. Let f(z) = -2*z**3 - 3*z**2 + 4*z - 1. What is f(s)?
14
Suppose -3 = -t - s + 2, 2*t - 2*s = -2. Suppose -j - 16 = -3*f, -2 = -2*f - j + 2. Let z(u) = -4*u - 3*u + f*u + 4*u + 1 - t*u**2. Determine z(-2).
-9
Suppose 3 + 1 = -g. Let b be (33/(-22))/(6/g). Let w(q) = 23*q**2 - 5*q - 2. Let l(i) = 12*i**2 - 3*i - 1. Let v(m) = -5*l(m) + 3*w(m). What is v(b)?
8
Let x(p) = -1 + p**3 - 5 - 7*p + 6*p. Let z = 0 - 0. What is x(z)?
-6
Let n = -6 - -6. Let q(z) = n*z + 3*z + 6*z**2 - 5*z**2. What is q(-5)?
10
Let p = -38 - -39. Let o(f) = -10*f**3 - f**2 - f + 1. What is o(p)?
-11
Let s(k) = 12*k + 2. Let z(w) = -6*w - 1. Let c(n) = -6*s(n) - 11*z(n). Let b(v) = -v. Let g be b(-2). Suppose -5*q + 3*q - g = 0. What is c(q)?
5
Let r(p) = 2*p + 1. Suppose 17*q = 19*q - 8. Determine r(q).
9
Let h(x) be the first derivative of 0*x - 1/24*x**4 + x**2 - 1/60*x**5 + 1 + 0*x**3. Let c(r) be the second derivative of h(r). Give c(0).
0
Let m be 30/(-2)*1/(-5). Let t(h) = h**2 + 4. Give t(m).
13
Let u(t) be the third derivative of -t**6/120 + t**5/30 + t**4/24 + t**3/3 + 6*t**2. What is u(3)?
-4
Let x(o) = -o**2 + 2 - 2*o + 0*o**2 - 3 - 2. Suppose 1 = b + 3. Calculate x(b).
-3
Suppose 2 = 4*m - 6. Let o(p) = p**3 + 2*p**2 + 0 + m*p**2 - 3*p + 1. Determine o(-4).
13
Let t(k) = k. Let o(v) = v - 8. Let c be o(10). Suppose 4 = 4*a - c*j - 2*j, j - 1 = 3*a. Calculate t(a).
-1
Let f(c) be the first derivative of -c**6/360 + 7*c**5/120 - c**4/6 - 5*c**3/3 - 3. Let g(a) be the third derivative of f(a). Calculate g(5).
6
Let o(w) = -w**3 + w**2 + 5. Suppose t = -3*t - v + 3, -v = 5*t - 3. Determine o(t).
5
Let o(m) = 4 - 7 + 6*m + 0*m**3 - 5*m**2 + 4*m**3 - 5*m**3. Give o(-6).
-3
Let r(m) = m**2 - 7*m + 4. Let t be r(6). Let f(j) = -4*j + 4*j + j**2. Determine f(t).
4
Let v(u) = -3*u**3 + 0*u**3 + 2 + 4*u**3 - 2*u + 18*u**2 - 16*u**2. Give v(-3).
-1
Suppose 0 = 14*s - 2*s - 72. Let c(q) = q**3 - 5*q**2 - 4*q + 3. Calculate c(s).
15
Let j be (2/(-5))/(1/(-10)). Let t be (j/(-10))/(-1)*-5. Let i(l) = l**3 + 2*l**2 + 2*l. What is i(t)?
-4
Let t(u) be the third derivative of -u**5/60 - u**4/6 + u**3/6 + 2*u**2. Let o = -13 - -5. Let v = o + 5. Determine t(v).
4
Suppose 0 = 2*i + 4*v - 6, -i = -6*i - 3*v + 8. Let z(n) = 4*n - 1. Let p(r) = -8*r + 2. Let w(m) = -3*p(m) - 7*z(m). What is w(i)?
-3
Let k(t) be the second derivative of -t**3/2 - 5*t**2/2 + 2*t. Let b(h) = -13*h - 20. Let m(q) = -2*b(q) + 9*k(q). What is m(0)?
-5
Let z be 1/(-4) + 26/8. Let a(b) = 7*b + 2. Let v(f) = f. Let r(k) = -a(k) + 6*v(k). Calculate r(z).
-5
Let t be (1 + 0)*(-5 + 2). Let r(q) = -q + 3. Let k(u) = -2*u + 3. Let s(v) = t*r(v) + 2*k(v). Suppose -4*j = a + 6, 0 = -2*a + 2*j - 4*j - 6. Calculate s(a).
-1
Let g(o) = -6*o**2 + 2*o + 1. Let k be 2/(-2)*1*1. Determine g(k).
-7
Let i(n) = -6*n**3 + 5*n**2 + 2*n + 1. Let l(c) = -7*c**3 + 5*c**2 + 3*c + 1. Let j(z) = 6*i(z) - 5*l(z). Determine j(4).
5
Let q(r) = r + 1. Suppose -30 = 69*m - 64*m. Determine q(m).
-5
Let o(c) = -4*c. Let t(i) = 7*i. Let y(p) = 5*o(p) + 3*t(p). Give y(-1).
-1
Let q(y) = y**3 + 6*y**2 - y - 3. Let c = 15 - 10. Let r(v) = v**2 - 7*v + 4. Let i be r(c). Give q(i).
3
Let q = 14 - 9. Suppose q = 3*o + 2*o. Let l(c) = -c + 2*c + 0*c + 3 + o. Give l(0).
4
Let l be ((-7)/(-3) + -1)/(10/15). Let d(b) be the second derivative of -1/6*b**3 + 2*b + b**l - 5/12*b**4 + 1/20*b**5 + 0. What is d(5)?
-3
Let f(v) = -6*v**2 + 5*v - v**3 + 12*v**2 + 2*v**3. Suppose -t - t + 21 = -3*l, -2*l - 10 = 0. Suppose -3*z + 8*z = t*w + 12, -5*w + z = 20. Calculate f(w).
12
Let r(i) = -i**2 + 4 + 4 - 7 - 5 + 8*i. Determine r(6).
8
Let v(o) = -o**2 - 7*o - 2. Let k(x) = x**2 - 8*x - 8. Let c be k(8). Determine v(c).
-10
Let l(y) = y**2 + 3*y - 7. Suppose -3 = -5*h + 17. Suppose 4 = -h*o - 5*r - 1, -4*o = -3*r + 29. Determine l(o).
3
Let a(t) = t + 0*t + 0 - 3. Give a(5).
2
Suppose -3 = 2*k + 5. Let y(z) = 2*z**2 + 3*z + 7. Let u(t) = -t**2 - 2*t - 3. Let i(b) = k*y(b) - 9*u(b). Determine i(-6).
-1
Let t(c) = -3*c**2 + 2*c - 1. Let h be (12/(-27))/(4/(-18)). Let d be (-2)/(-5) - 136/(-10). Let s be 10/d - h/(-7). What is t(s)?
-2
Let s(m) = -m**3 - 13*m**2 + 9*m + 5. Let w(h) = h**3 + 12*h**2 - 9*h - 4. Let k(g) = 5*s(g) + 6*w(g). Calculate k(-8).
9
Suppose 3*h + 3*y - 32 + 2 = 0, -h + 2*y - 5 = 0. Let 